*t - 4. Let w(o) = -4*o**2 - 37*o + 1. Let x(a) = -3*s(a) - 4*w(a). Let g = -34 + 28. What is x(g)?
2
Let p(r) = -15*r**3 + 7*r**2 - 63*r + 19. Let g(m) = -7*m**3 + 4*m**2 - 29*m + 10. Let x(u) = 13*g(u) - 6*p(u). Determine x(7).
170
Let y(f) = -20*f + 1. Let k(d) be the first derivative of 43*d**2/2 - 2*d - 58. Let v(x) = -4*k(x) - 9*y(x). Let o be (-2)/((1 - 0) + 1). Determine v(o).
-9
Suppose -3*l + 573 = 8*h - 7*h, -2*h + 1164 = -3*l. Let y(f) = 2*f**3 - 2 - f**3 - h*f + 582*f + 5*f**2. Determine y(-4).
2
Suppose 20*q - 19*q = -406. Let f = -388 - q. Let g(w) = w - 22. Determine g(f).
-4
Let u = 21934 + -21906. Let r(o) = o**2 - 20*o - 227. Calculate r(u).
-3
Let g(z) = 51*z**3 + 9*z**2 - 3*z + 5. Let v(r) = -128*r**3 - 22*r**2 + 7*r - 12. Let b(p) = -12*g(p) - 5*v(p). Calculate b(-1).
-27
Let f = -74 - -92. Suppose -5*z + 35 = 5*p, 36 = 4*p - 3*z - z. Let h(b) = -p*b + b**2 - 13 - 8 + f. Give h(9).
6
Let x be 2138/22 - 36/198. Let q(d) = 6 + 96*d - 6 - x*d. Determine q(-6).
6
Suppose -4*p + 4 + 12 = 0. Let i(h) = -38*h + 76*h + p - 40*h. Let z be (-88)/(-20) + 4/(-10). Calculate i(z).
-4
Let m(q) be the third derivative of 0 + 1/6*q**3 + 0*q + 1/120*q**6 - q**2 - 1/60*q**5 + 1/24*q**4. Let b(a) = -177*a + 1770. Let p be b(10). What is m(p)?
1
Let c(t) = t**3 - t**2 - 3*t - 4. Suppose 11 = -10*h + 41. Suppose h*q - 5 = 4. Let x be c(q). Let g(p) = -p - 1. What is g(x)?
-6
Let n(p) = -44*p + 2555. Let y be n(58). Let z(a) be the third derivative of 0 + 36*a**2 - 1/6*a**y + 0*a + 1/4*a**4. Determine z(-2).
-13
Let p(r) be the second derivative of -r**5/24 - 5*r**4/12 + 14*r**3/3 - r**2 + 272*r. Let y(x) be the second derivative of p(x). Determine y(-7).
25
Let q(c) = -6*c - 15. Suppose 0*z = -n + 5*z - 23, 4*z = 2*n + 16. Let s(u) = u + 3. Let d(f) = n*q(f) + 11*s(f). Determine d(3).
0
Suppose -5 = -s - 1, 5*s - 26 = 3*r. Let h(b) = -2*b**3 - 2*b**2 - 4*b - 6. Determine h(r).
10
Let i(d) be the third derivative of -17*d**4/12 + 9*d**3 - 10438*d**2. Determine i(2).
-14
Suppose 0 - 3 = -3*d. Suppose -7 + d = -3*s. Let j(l) = 91*l - 47*l + l**s + 0*l**2 - 37*l. Give j(-7).
0
Let r(l) be the second derivative of -l**5/10 + l**4/12 - l**3/3 + l**2 - 5*l + 662. Calculate r(1).
-1
Let q(o) be the first derivative of -o**5/120 - o**4/2 + 13*o**3/3 + 3. Let w(f) be the third derivative of q(f). Suppose -4*j - 41 = 3. What is w(j)?
-1
Let x(n) = 11*n**3 - 17*n**2 - 9*n - 1. Let z(l) = -8*l**3 + 14*l**2 + 7*l + 2. Let k(v) = 3*x(v) + 4*z(v). Give k(-4).
17
Let n be (-4)/(-7)*(-462)/(-132). Let x(l) = 61*l + 6 + l**2 - n*l**2 + 2*l**2 - 52*l. Give x(-9).
6
Let x = -19 + 35. Suppose 3*a = -a + x. Suppose -4*b + g = -3*g + a, b = 4*g - 10. Let l(z) = -z**2 + 1. Calculate l(b).
-3
Suppose -2*m = 8*m + 120. Let p be 0 + (-3 - 33/m)*-20. Let q(z) = 3*z - 6. Give q(p).
9
Suppose 25 = 5*x - y, -5*y + 4 = 4*x - 45. Let i(p) = -6*p - 5. Let l(g) = -16*g - 14. Let m(j) = x*l(j) - 17*i(j). Calculate m(-4).
-23
Let c(h) = -h**3 + 9*h**2 - 4*h - 14. Let j be (-152)/266 - (-67)/7. Calculate c(j).
-50
Let n(h) be the third derivative of -h**5/60 - h**4/24 + h**3/6 + h**2. Suppose -693*a = 383*a - 91*a. Give n(a).
1
Suppose 18*d - 19*d + b - 11 = 0, 5*b - 15 = 0. Let s(a) be the first derivative of -a**2 - 4*a + 13. Calculate s(d).
12
Let c(l) = -4*l**2 - 20*l - 4. Let k(x) = -107*x - 1503. Let a be k(-14). Determine c(a).
-4
Let o(g) = 7*g**3 + 14*g**2 - 9*g - 17. Let y(a) = -4*a**3 - 7*a**2 + 6*a + 9. Let v(m) = -3*o(m) - 5*y(m). Determine v(-6).
-12
Suppose -33*t = -31*t + 4*l + 30, 4*t - 5*l = 5. Let q(r) = -4*r - 7. What is q(t)?
13
Let u(b) = -b + 3. Suppose -62*s - 11 = -73*s. Let a(v) = -5*v - 11. Let d(f) = s*a(f) + 4*u(f). Give d(-2).
19
Suppose -18*t = -46 + 10. Let u(v) = -3*v**2 - 12*v**t - v + 24*v**2 - 4 - 4*v**2 + v**3. What is u(-3)?
17
Let u = 29 - 6. Let m = u - 20. Suppose 14 = -2*x + 4*t, -m*x + 17 = -2*x + 4*t. Let r(y) = -6*y**3 + y**2 - 2*y + 1. What is r(x)?
-6
Let u(p) = -p - 8. Let s(y) = -y**3 - 3*y**2 + y + 9. Let v be s(-3). Suppose 0 = -5*i + i + v*i. Determine u(i).
-8
Let x(y) = y**2 - 12*y - 13. Suppose 13*k + 9 = 22. Let q be 1*(-6 - -11) + k*7. Give x(q).
-13
Let f(g) be the first derivative of -51 - 1 - 3*g**3 + 11*g**3 - 2. Suppose 2 = 5*t - 3. What is f(t)?
24
Let b(t) be the second derivative of 0 - 1/12*t**4 - 1/3*t**3 - 37*t - 1/2*t**2 + 1/5*t**5. Calculate b(-1).
-4
Suppose -y - y - 8 = 0. Let z be (1 + 1)*(-606)/(-12). Let g(h) = -200*h + h**2 + 98*h + z*h + 3. What is g(y)?
23
Let m(n) = 125*n - 6749. Let i be m(54). Let o(g) = -25*g**2 + 4*g - 2. What is o(i)?
-23
Let y(j) be the second derivative of 0 - 5/2*j**2 - 1/6*j**3 - 112*j. Suppose r = 3*r. What is y(r)?
-5
Let p(i) = i**3 - 9*i**2 - 12*i + 16. Let a be p(10). Let d = 30 - a. Let o(w) = 14*w**3 - 1 - d*w**3 + 2*w + 32*w**3. Determine o(1).
13
Let w(y) = y + 8. Let v = -37 - -72. Let p = -51 + v. Let f be 46/(-8) + (4/p)/1. Determine w(f).
2
Let d(q) = q**2 + 42*q + 365. Let k = 32589 + -32602. What is d(k)?
-12
Let r(k) = k**2 + 7*k + 1. Suppose 4*g - 2*g + 5*b = 22, 6 = 3*b. Suppose 3*p + g = 2*y, 0 = 3*y - p - 3 - 20. Suppose q = -y*q - 60. Determine r(q).
-5
Let c = 37 - 22. Let k(y) = 23*y - 9*y - c*y. Let q(p) = 42*p + 120. Let m be q(-3). Calculate k(m).
6
Let v(o) = o**3 - 4*o**2 - 2*o + 5. Let l = 425 + -420. Suppose x = -3*u + 14, 2*u - l*u + x = -10. Determine v(u).
-3
Let d be -2 + -7 - -3 - -8. Let k(l) = -l**d + 120 - 238 + 5*l + 117. Give k(3).
5
Let w(q) = 28*q + 61. Let l(v) = -24*v - 72. Let x(y) = -3*l(y) - 2*w(y). Calculate x(-6).
-2
Let o(t) = 2*t**3 - t**2 - 2*t - 1. Suppose 11*q = -112 + 167. Suppose 0 = q*l - c - 14, 5*c = -5 - 15. Calculate o(l).
7
Let r(s) = 10*s**2 - s - 1. Let u be r(-3). Let q = -7 + u. Let k(w) = 86*w - q*w - 8*w**2 + 0*w**2 + 0*w**2. What is k(1)?
-7
Let g(m) = m**2 + 20*m + 94. Suppose 3*y + 46 = -5*s, -3*y + 7*s + 18 = 4. Determine g(y).
3
Let o(u) = -5*u + 8. Let v(j) = -13*j + 22. Let l = -153 - -159. Let w(g) = l*v(g) - 17*o(g). What is w(-4)?
-32
Let w(l) be the first derivative of -l**5/120 - 13*l**4/24 + 35*l**3 - l + 105. Let o(p) be the third derivative of w(p). What is o(-4)?
-9
Suppose 2709 = 9*p - 2*p. Let k = 390 - p. Let h(x) = x**3 - 4*x**2 + 5*x - 4. Give h(k).
2
Let i(n) = 6*n - 35. Suppose 8 + 28 = 4*w. Let x be i(w). Suppose 21*z - x*z = 10. Let o(r) = -r**3 + 4*r**2 + 5*r + 4. Determine o(z).
4
Suppose 5*s + 41 = 2*a, 0*s - 5*s = -a + 43. Let g(p) = 71*p**2 - 4*p - 20. Let r(c) = -29*c**2 + 2*c + 8. Let w(m) = -9*g(m) - 22*r(m). What is w(s)?
-5
Let q(m) = -m**2 - 40*m - 295. Let n(a) = -a**2 - 39*a - 322. Let i(d) = 2*n(d) - 3*q(d). Give i(-35).
-4
Let o be (-32)/36*(-5 - -8)*(-54)/72. Let q(r) be the first derivative of 0*r**o - 4 + 2*r - 2/3*r**3 + 1/4*r**4. Give q(2).
2
Let x(n) be the second derivative of 1/6*n**3 - 8*n - 5/24*n**4 - 11/2*n**2 + 0 + 1/60*n**5. Let z(h) be the first derivative of x(h). Give z(4).
-3
Suppose 248*o - 41 - 2488 = -33*o. Let r(s) = -s**3 + 13*s**2 - 31*s - 47. What is r(o)?
-2
Let k be 270/144 - (-3)/24. Let o(g) = 3*g + 3*g + 2 - 1 - g**k - 8*g - 5*g. Calculate o(-6).
7
Let u(a) = 9*a + 2. Let i(q) = -q**3 + 9*q**2 - 16*q + 62. Let r be i(8). Let b be (-98 - -97)*(5 - (-2)/r). What is u(b)?
-34
Let y(d) be the first derivative of d**7/840 + d**6/60 + d**5/40 + d**4/24 + d**3/3 - 80*d + 93. Let v(n) be the third derivative of y(n). Calculate v(-5).
11
Let p(y) = -y + 6. Let f(h) = 2*h**3 - 17*h**2 + 23*h - 8. Let v = -190 + 197. Let x be f(v). Determine p(x).
0
Suppose 0*q - 2*q - 2 = 0. Let t(v) = -31*v**3. What is t(q)?
31
Let s(m) = -14*m**2 + 39*m**2 + m**3 - 43 + 223*m - 179*m + 21*m**2. What is s(-45)?
2
Let q be (-6)/1 + 1 - 1. Let t be ((-4)/(-10))/(12/(-120)) + 7. Let j(c) = -t*c - c**3 + 2*c**2 - 5*c - 5 + 2 - 21*c**2 + 12*c**2. Give j(q).
9
Let k = 2409 - 2399. Let f(z) = -10*z + 106. What is f(k)?
6
Let p(v) = -v**3 + 526 + 7*v**2 + 510 - 1044 - v**2 + 8*v. Suppose 12 = -3*o - 3, x = 4*o + 41. Suppose -5*q = 2*a - 0*a - 35, -2*a - x = -3*q. Give p(q).
-1
Let i = -11 - -23. Suppose 4*l = i, -4*l + 2*l = -4*v - 10. Let c(b) = -224*b**2 + 3*b**3 + 118*b**2 - b**3 + 107*b**2. Determine c(v).
-1
Let s(l) = -9*l - l**2 + 0*l + 21*l + 0*l + 2*l + 46. What